 of 472735?
5
What is the tens digit of 79827?
2
What is the thousands digit of 1549959?
9
What is the tens digit of 3556429?
2
What is the hundred thousands digit of 461435?
4
What is the ten thousands digit of 843698?
4
What is the tens digit of 535943?
4
What is the thousands digit of 1228505?
8
What is the millions digit of 8045018?
8
What is the units digit of 2327664?
4
What is the ten thousands digit of 4653074?
5
What is the ten thousands digit of 328001?
2
What is the hundred thousands digit of 8073781?
0
What is the thousands digit of 34991555?
1
What is the hundred thousands digit of 404241?
4
What is the ten thousands digit of 11513330?
1
What is the hundreds digit of 7740357?
3
What is the hundred thousands digit of 158106?
1
What is the units digit of 333544?
4
What is the thousands digit of 1903662?
3
What is the ten thousands digit of 22009?
2
What is the tens digit of 3103500?
0
What is the millions digit of 4626593?
4
What is the units digit of 71223?
3
What is the hundred thousands digit of 1073218?
0
What is the hundred thousands digit of 142161?
1
What is the hundred thousands digit of 974881?
9
What is the thousands digit of 1163959?
3
What is the hundreds digit of 223760?
7
What is the millions digit of 14357002?
4
What is the units digit of 135143?
3
What is the units digit of 426359?
9
What is the tens digit of 594854?
5
What is the hundred thousands digit of 2946796?
9
What is the tens digit of 311995?
9
What is the hundreds digit of 1326806?
8
What is the millions digit of 3237355?
3
What is the units digit of 466766?
6
What is the tens digit of 707228?
2
What is the hundred thousands digit of 2162733?
1
What is the tens digit of 295818?
1
What is the millions digit of 1377181?
1
What is the thousands digit of 27514?
7
What is the tens digit of 856261?
6
What is the units digit of 22212396?
6
What is the hundred thousands digit of 7425919?
4
What is the thousands digit of 391977?
1
What is the units digit of 16608864?
4
What is the thousands digit of 139340?
9
What is the ten thousands digit of 7390801?
9
What is the thousands digit of 147337?
7
What is the ten thousands digit of 11382726?
8
What is the hundreds digit of 11341798?
7
What is the thousands digit of 449232?
9
What is the thousands digit of 5588811?
8
What is the hundreds digit of 662372?
3
What is the thousands digit of 46385?
6
What is the millions digit of 22785378?
2
What is the hundred thousands digit of 138032?
1
What is the tens digit of 1606611?
1
What is the hundred thousands digit of 23789093?
7
What is the ten thousands digit of 30086?
3
What is the hundreds digit of 7162102?
1
What is the hundreds digit of 196662?
6
What is the units digit of 42129?
9
What is the thousands digit of 183172?
3
What is the tens digit of 513466?
6
What is the units digit of 1229925?
5
What is the units digit of 165477?
7
What is the hundred thousands digit of 21123393?
1
What is the tens digit of 683902?
0
What is the hundred thousands digit of 723701?
7
What is the thousands digit of 2656856?
6
What is the units digit of 85637?
7
What is the tens digit of 154647?
4
What is the hundreds digit of 5701721?
7
What is the hundred thousands digit of 10244220?
2
What is the hundreds digit of 29626451?
4
What is the hundred thousands digit of 5990873?
9
What is the units digit of 402792?
2
What is the units digit of 4456598?
8
What is the thousands digit of 15015?
5
What is the ten millions digit of 27172009?
2
What is the units digit of 189374?
4
What is the ten thousands digit of 8371192?
7
What is the hundreds digit of 164055?
0
What is the thousands digit of 582449?
2
What is the ten thousands digit of 822725?
2
What is the units digit of 23662820?
0
What is the hundreds digit of 305963?
9
What is the ten thousands digit of 166806?
6
What is the ten millions digit of 13711486?
1
What is the hundred thousands digit of 283476?
2
What is the tens digit of 276033?
3
What is the tens digit of 18440894?
9
What is the hundreds digit of 3696707?
7
What is the tens digit of 446426?
2
What is the hundreds digit of 154074?
0
What is the hundreds digit of 6415408?
4
What is the hundred thousands digit of 6162279?
1
What is the millions digit of 9556023?
9
What is the thousands digit of 2196079?
6
What is the units digit of 4371100?
0
What is the millions digit of 1593007?
1
What is the hundred thousands digit of 1005113?
0
What is the units digit of 143181?
1
What is the hundred thousands digit of 447989?
4
What is the thousands digit of 363758?
3
What is the hundreds digit of 158916?
9
What is the tens digit of 1284808?
0
What is the units digit of 302555?
5
What is the thousands digit of 2552879?
2
What is the thousands digit of 1595102?
5
What is the hundreds digit of 3330556?
5
What is the millions digit of 2146184?
2
What is the thousands digit of 1305482?
5
What is the ten thousands digit of 172308?
7
What is the units digit of 5106654?
4
What is the hundred thousands digit of 127111?
1
What is the units digit of 106910?
0
What is the units digit of 5398691?
1
What is the thousands digit of 6814732?
4
What is the hundred thousands digit of 1977073?
9
What is the ten thousands digit of 135569?
3
What is the tens digit of 187239?
3
What is the thousands digit of 72536?
2
What is the hundreds digit of 84012?
0
What is the hundreds digit of 284355?
3
What is the units digit of 864163?
3
What is the units digit of 758502?
2
What is the hundred thousands digit of 152441?
1
What is the ten thousands digit of 3292842?
9
What is the millions digit of 10732408?
0
What is the units digit of 322124?
4
What is the hundred thousands digit of 415914?
4
What is the millions digit of 5011266?
5
What is the thousands digit of 23841773?
1
What is the hundreds digit of 4370131?
1
What is the ten thousands digit of 495463?
9
What is the ten thousands digit of 5419373?
1
What is the hundred thousands digit of 7442571?
4
What is the units digit of 44976?
6
What is the hundred thousands digit of 1569166?
5
What is the hundreds digit of 1255889?
8
What is the thousands digit of 383567?
3
What is the hundred thousands digit of 162741?
1
What is the thousands digit of 2108831?
8
What is the ten thousands digit of 1984140?
8
What is the thousands digit of 8864036?
4
What is the hundred thousands digit of 839826?
8
What is the thousands digit of 61816?
1
What is the ten thousands digit of 713018?
1
What is the ten thousands digit of 1797134?
9
What is the tens digit of 1022557?
5
What is the hundred thousands digit of 3803245?
8
What is the ten thousands digit of 7232999?
3
What is the ten thousands digit of 1096313?
9
What is the hundreds digit of 8578198?
1
What is the thousands digit of 5972560?
2
What is the ten thousands digit of 305275?
0
What is the hundred thousands digit of 413781?
4
What is the ten thousands digit of 534229?
3
What is the tens digit of 1296676?
7
What is the ten thousands digit of 883497?
8
What is the units digit of 506784?
4
What is the units digit of 504697?
7
What is the ten thousands digit of 3828479?
2
What is the units digit of 11435120?
0
What is the hundred thousands digit of 585255?
5
What is the tens digit of 149923?
2
What is the hundreds digit of 6140893?
8
What is the hundreds digit of 480089?
0
What is the thousands digit of 137646?
7
What is the thousands digit of 726491?
6
What is the tens digit of 4273428?
2
What is the hundred thousands digit of 158567?
1
What is the hundreds digit of 830249?
2
What is the hundreds digit of 1291632?
6
What is the thousands digit of 3667589?
7
What is the ten thousands digit of 1959888?
5
What is the hundred thousands digit of 431290?
4
What is the ten thousands digit of 158535?
5
What is the tens digit of 4404505?
0
What is the tens digit of 593695?
9
What is the hundred thousands digit of 2059651?
0
What is the hundred thousands digit of 1195434?
1
What is the ten millions digit of 44619855?
4
What is the hundred thousands digit of 2364639?
3
What is the tens digit of 4589222?
2
What is the units digit of 104180?
0
What is the thousands digit of 463285?
3
What is the hundreds digit of 8813500?
5
What is the thousands digit of 163624?
3
What is the tens digit of 90644?
4
What is the ten thousands digit of 4388133?
8
